base 11?
-a
What is 5 (base 8) in base 9?
5
-1a (base 15) to base 7
-34
Convert 3 (base 4) to base 9.
3
-33 (base 11) to base 3
-1100
-33 (base 12) to base 4
-213
Convert -22 (base 4) to base 2.
-1010
What is 37 (base 11) in base 14?
2c
Convert 42 (base 8) to base 12.
2a
-7 (base 11) to base 10
-7
What is 1 (base 4) in base 3?
1
11 (base 3) to base 5
4
What is 0 (base 8) in base 11?
0
Convert -24 (base 11) to base 15.
-1b
What is 5 (base 15) in base 8?
5
What is 23 (base 5) in base 15?
d
-1111 (base 2) to base 14
-11
Convert 0 (base 5) to base 12.
0
What is -b (base 13) in base 6?
-15
What is 21 (base 16) in base 6?
53
Convert 61 (base 9) to base 13.
43
What is -33 (base 6) in base 15?
-16
Convert -5 (base 10) to base 7.
-5
-5 (base 7) to base 16
-5
Convert -2 (base 10) to base 13.
-2
Convert -100 (base 8) to base 6.
-144
What is 202 (base 4) in base 3?
1021
1 (base 2) to base 5
1
What is 21 (base 3) in base 7?
10
Convert -3 (base 6) to base 11.
-3
Convert 4 (base 14) to base 12.
4
What is -25 (base 13) in base 4?
-133
What is -10 (base 2) in base 9?
-2
What is -101 (base 4) in base 5?
-32
What is -1011010 (base 2) in base 10?
-90
10 (base 11) to base 14
b
What is -4 (base 10) in base 15?
-4
25 (base 12) to base 11
27
What is 121 (base 9) in base 14?
72
Convert 350 (base 6) to base 7.
255
-1 (base 5) to base 6
-1
What is 0 (base 14) in base 6?
0
b (base 14) to base 10
11
Convert 101 (base 2) to base 14.
5
40 (base 11) to base 7
62
103 (base 6) to base 3
1110
120 (base 4) to base 7
33
Convert 15 (base 8) to base 15.
d
-a0 (base 11) to base 12
-92
7 (base 10) to base 12
7
Convert -10 (base 4) to base 7.
-4
What is 2 (base 6) in base 3?
2
1133 (base 4) to base 3
10112
-13 (base 10) to base 14
-d
What is 3e (base 16) in base 4?
332
What is -2 (base 11) in base 2?
-10
34 (base 7) to base 16
19
-64 (base 7) to base 9
-51
Convert -100 (base 6) to base 14.
-28
Convert 8 (base 11) to base 4.
20
Convert 0 (base 15) to base 9.
0
-3 (base 14) to base 4
-3
0 (base 6) to base 15
0
Convert -3 (base 6) to base 12.
-3
Convert -20 (base 3) to base 15.
-6
What is -10020 (base 3) in base 11?
-7a
-2 (base 9) to base 14
-2
1 (base 7) to base 15
1
What is 1 (base 11) in base 15?
1
Convert -a2 (base 16) to base 3.
-20000
What is -12 (base 5) in base 7?
-10
Convert a0 (base 14) to base 4.
2030
Convert -9 (base 16) to base 3.
-100
What is 21212 (base 3) in base 4?
3110
Convert 4 (base 14) to base 13.
4
What is 1 (base 6) in base 5?
1
What is 27 (base 12) in base 4?
133
What is -11 (base 5) in base 15?
-6
Convert 56 (base 12) to base 14.
4a
Convert 0 (base 11) to base 10.
0
Convert -5 (base 11) to base 16.
-5
What is 2c (base 14) in base 15?
2a
Convert 0 (base 6) to base 12.
0
15 (base 10) to base 9
16
31 (base 13) to base 5
130
10 (base 4) to base 10
4
-55 (base 7) to base 9
-44
What is 2 (base 12) in base 5?
2
Convert 3 (base 4) to base 11.
3
-53 (base 9) to base 5
-143
What is 50 (base 6) in base 4?
132
What is -1 (base 5) in base 13?
-1
5 (base 7) to base 4
11
-1 (base 15) to base 10
-1
Convert 10 (base 6) to base 14.
6
What is -115 (base 9) in base 13?
-74
41 (base 5) to base 8
25
110010 (base 2) to base 13
3b
1 (base 13) to base 11
1
-14 (base 10) to base 4
-32
Convert 1101000 (base 2) to base 12.
88
Convert 3020 (base 4) to base 15.
d5
What is 10 (base 11) in base 12?
b
What is 60 (base 12) in base 5?
242
What is -6 (base 7) in base 12?
-6
What is -6 (base 15) in base 3?
-20
What is 1 (base 4) in base 2?
1
What is -23 (base 14) in base 2?
-11111
36 (base 13) to base 3
1200
-3 (base 8) to base 4
-3
What is 0 (base 12) in base 5?
0
What is 2 (base 7) in base 2?
10
Convert 200 (base 5) to base 4.
302
What is 1001 (base 5) in base 14?
90
What is -4 (base 7) in base 13?
-4
10 (base 13) to base 2
1101
What is -147 (base 9) in base 16?
-7c
What is -16 (base 12) in base 13?
-15
-22 (base 7) to base 14
-12
Convert 2 (base 11) to base 7.
2
-203 (base 4) to base 16
-23
Convert 2102 (base 3) to base 7.
122
What is 9c (base 16) in base 4?
2130
Convert -4 (base 12) to base 11.
-4
39 (base 12) to base 2
101101
What is -19 (base 15) in base 2?
-11000
-11 (base 2) to base 8
-3
Convert -3 (base 16) to base 5.
-3
What is 3 (base 10) in base 8?
3
141 (base 5) to base 10
46
1 (base 14) to base 5
1
210 (base 5) to base 14
3d
1 (base 4) to base 10
1
What is 4 (base 5) in base 14?
4
Convert 31 (base 6) to base 15.
14
What is -50 (base 6) in base 16?
-1e
Convert -88 (base 10) to base 15.
-5d
-6 (base 16) to base 2
-110
What is -1000110 (base 2) in base 3?
-2121
Convert 15 (base 7) to base 5.
22
Convert 7 (base 13) to base 3.
21
4 (base 9) to base 12
4
5 (base 14) to base 4
11
1 (base 11) to base 4
1
Convert 10 (base 4) to base 9.
4
What is 212 (base 3) in base 6?
35
What is 7a (base 12) in base 10?
94
d2 (base 14) to base 8
270
Convert -112 (base 5) to base 11.
-2a
What is bb (base 12) in base 16?
8f
Convert 20 (base 3) to base 12.
6
-10 (base 2) to base 6
-2
Convert -53 (base 8) to base 10.
-43
What is 0 (base 2) in base 10?
0
What is 2 (base 4) in base 11?
2
-53 (base 14) to base 5
-243
b1 (base 16) to base 10
177
0 (base 3) to base 9
0
What is 5 (base 12) in base 3?
12
What is -153 (base 8) in base 9?
-128
-1 (base 5) to base 14
-1
45 (base 6) to base 4
131
5 (base 12) to base 16
5
What is 0 (base 11) in base 10?
0
Convert 16 (base 9) to base 12.
13
Convert -110 (base 9) to base 15.
-60
-5 (base 6) to base 5
-10
What is -4 (base 11) in base 4?
-10
What is 43 (base 7) in base 13?
25
What is 3 (base 12) in base 6?
3
-2 (base 12) to base 8
-2
What is 35 (base 16) in base 15?
38
What is -4 (base 12) in base 9?
-4
9e (base 15) to base 10
149
Convert -20 (base 3) to base 4.
-12
Convert 1 (base 2) to base 5.
1
3b (base 14) to base 16
35
-10 (base 10) to base 7
-13
What is 11 (base 12) in base 15?
d
-2 (base 13) to base 16
-2
What is 28 (base 15) in base 11?
35
Convert -2 (base 3) to base 5.
-2
Convert 37 (base 11) to base 12.
34
Convert -277 (base 8) to base 5.
-1231
What is 5 (base 11) in base 10?
5
What is 11 (base 15) in base 11?
15
What is -23 (base 4) in base 15?
-b
What is -3 (base 5) in base 11?
-3
-3 (base 5) to base 11
-3
0 (base 3) to base 4
0
30 (base 14) to base 5
132
39 (base 11) to base 8
52
Convert 62 (base 10) to base 3.
2022
-315 (base 9) to base 10
-257
-5 (base 9) to base 2
-101
What is 2 (base 14) in base 5?
2
-3 (base 13) to base 16
-3
Convert e (base 15) to base 16.
e
Convert -56 (base 11) to base 9.
-67
Convert 39 (base 13) to base 14.
36
59 (base 16) to base 13
6b
-127 (base 16) to base 11
-249
Convert 12 (base 7) to base 9.
10
What is 0 (base 11) in base 5?
0
Convert 2 (base 6) to base 4.
2
Convert 25 (base 10) to base 4.
121
Convert -15 (base 9) to base 4.
-32
What is -174 (base 8) in base 14?
-8c
What is 12 (base 8) in base 15?
a
-1 (base 8) to base 4
-1
Convert 10 (base 7) to base 2.
111
-133 (base 4) to base 7
-43
Convert 9 (base 10) to base 3.
100
Convert -211 (base 6) to base 14.
-59
What is -32 (base 9) in base 11?
-27
What is -10000 (base 2) in base 7?
-22
What is -3 (base 9) in base 4?
-3
Convert 8 (base 13) to base 11.
8
-10 (base 6) to base 13
-6
Convert 27 (base 9) to base 15.
1a
Convert -15 (base 11) to base 8.
-20
-1 (base 7) to base 13
-1
What is -223 (base 4) in base 12?
-37
Convert -80 (base 9) to base 5.
-242
What is -6 (base 15) in base 10?
-6
-1 (base 14) to base 3
-1
What is 3 (base 5) in base 14?
3
Convert -3a (base 12) to base 13.
-37
101000 (base 2) to base 15
2a
34 (base 5) to base 3
201
-2c (base 15) to base 12
-36
Convert 3 (base 10) to base 4.
3
Convert -1 (base 14) to base 16.
-1
-1031 (base 4) to base 15
-52
8 (base 14) to base 11
8
What is -2 (base 10) in base 5?
-2
-4 (base 8) to base 3
-11
What is 7 (base 11) in base 13?
7
Convert a1 (base 14) to base 16.
8d
Convert -4 (base 12) to base 11.
-4
What is -4 (base 11) in base 6?
-4
20 (base 16) to base 7
44
100 (base 3) to base 16
9
10 (base 3) to base 9
3
Convert -3 (base 16) to base 9.
-3
What is 7 (base 9) in base 15?
7
What is -31 (base 14) in base 7?
-61
-122 (base 6) to base 5
-200
Convert 1 (base 14) to base 16.
1
3 (base 5) to base 13
3
Convert -1 (base 13) to base 10.
-1
What is 211 (base 3) in base 4?
112
What is 24 (base 16) in base 6?
100
Convert 2000 (base 3) to base 2.
